{"id":32,"date":"2015-01-28T11:36:09","date_gmt":"2015-01-28T10:36:09","guid":{"rendered":"http:\/\/www.gruppoporfiria.it\/?page_id=32"},"modified":"2015-12-14T14:32:41","modified_gmt":"2015-12-14T13:32:41","slug":"area-scientifica","status":"publish","type":"page","link":"https:\/\/www.gruppoporfiria.it\/?page_id=32","title":{"rendered":"Area Scientifica"},"content":{"rendered":"<p>Scopo di questa sezione \u00e8 di dare visibilit\u00e0 all&#8217;attivit\u00e0 scientifica del Gruppo Italiano Porfiria e dei suoi singoli membri.<\/p>\n<p>&nbsp;<\/p>\n<p><a title=\"Protocolli di Studio in Corso\" href=\"http:\/\/www.gruppoporfiria.it\/?page_id=79\">Protocolli di Studio in Corso<\/a><\/p>\n<p><a title=\"Lavori Pubblicati\" href=\"http:\/\/www.gruppoporfiria.it\/?page_id=87\">Lavori Pubblicati<\/a><\/p>\n<p><a title=\"Recensioni\" href=\"http:\/\/www.gruppoporfiria.it\/?page_id=89\">Recensioni<\/a><\/p>\n<p><a href=\"http:\/\/www.gruppoporfiria.it\/?page_id=179\">Partecipazioni a Congressi<\/a><\/p>\n<div id=\"SL_balloon_obj\" style=\"display: block;\">\n<div id=\"SL_button\" class=\"ImTranslatorLogo\" style=\"display: none; background: url('chrome-extension:\/\/noaijdpnepcgjemiklgfkcfbkokogabh\/content\/img\/util\/imtranslator-s.png');\"><\/div>\n<div id=\"SL_shadow_translation_result2\" style=\"display: none;\"><\/div>\n<div id=\"SL_shadow_translator\">\n<div id=\"SL_planshet\" style=\"background: url('chrome-extension:\/\/noaijdpnepcgjemiklgfkcfbkokogabh\/content\/img\/util\/bg2.png') #f4f5f5;\">\n<div id=\"SL_TB\">\n<div id=\"bubblelogo\" class=\"ImTranslatorLogo\" style=\"background: url('chrome-extension:\/\/noaijdpnepcgjemiklgfkcfbkokogabh\/content\/img\/util\/imtranslator-s.png');\"><\/div>\n<table id=\"SL_tables\" cellspacing=\"1\">\n<tbody>\n<tr>\n<td class=\"SL_td\" align=\"right\" width=\"10%\"><input id=\"SLloc\" title=\"Lock-in language\" type=\"checkbox\" \/><\/td>\n<td class=\"SL_td\" align=\"left\" width=\"20%\"><select id=\"SL_lng_from\"><option value=\"auto\">Detect language<\/option><option value=\"af\">Afrikaans<\/option><option value=\"sq\">Albanian<\/option><option value=\"ar\">Arabic<\/option><option value=\"hy\">Armenian<\/option><option value=\"az\">Azerbaijani<\/option><option value=\"eu\">Basque<\/option><option value=\"bn\">Bengali<\/option><option value=\"be\">Belarusian<\/option><option value=\"bg\">Bulgarian<\/option><option value=\"ca\">Catalan<\/option><option value=\"zh-CN\">Chinese (Simp)<\/option><option value=\"zh-TW\">Chinese (Trad)<\/option><option value=\"hr\">Croatian<\/option><option value=\"cs\">Czech<\/option><option value=\"da\">Danish<\/option><option value=\"nl\">Dutch<\/option><option value=\"en\">English<\/option><option value=\"eo\">Esperanto<\/option><option value=\"et\">Estonian<\/option><option value=\"tl\">Filipino<\/option><option value=\"fi\">Finnish<\/option><option value=\"fr\">French<\/option><option value=\"gl\">Galician<\/option><option value=\"ka\">Georgian<\/option><option value=\"de\">German<\/option><option value=\"el\">Greek<\/option><option value=\"gu\">Gujarati<\/option><option value=\"ht\">Haitian Creole<\/option><option value=\"iw\">Hebrew<\/option><option value=\"hi\">Hindi<\/option><option value=\"hu\">Hungarian<\/option><option value=\"is\">Icelandic<\/option><option value=\"id\">Indonesian<\/option><option value=\"ga\">Irish<\/option><option value=\"it\">Italian<\/option><option value=\"ja\">Japanese<\/option><option value=\"kn\">Kannada<\/option><option value=\"ko\">Korean<\/option><option value=\"lo\">Lao<\/option><option value=\"la\">Latin<\/option><option value=\"lv\">Latvian<\/option><option value=\"lt\">Lithuanian<\/option><option value=\"mk\">Macedonian<\/option><option value=\"ms\">Malay<\/option><option value=\"mt\">Maltese<\/option><option value=\"no\">Norwegian<\/option><option value=\"fa\">Persian<\/option><option value=\"pl\">Polish<\/option><option value=\"pt\">Portuguese<\/option><option value=\"ro\">Romanian<\/option><option value=\"ru\">Russian<\/option><option value=\"sr\">Serbian<\/option><option value=\"sk\">Slovak<\/option><option value=\"sl\">Slovenian<\/option><option value=\"es\">Spanish<\/option><option value=\"sw\">Swahili<\/option><option value=\"sv\">Swedish<\/option><option value=\"ta\">Tamil<\/option><option value=\"te\">Telugu<\/option><option value=\"th\">Thai<\/option><option value=\"tr\">Turkish<\/option><option value=\"uk\">Ukrainian<\/option><option value=\"ur\">Urdu<\/option><option value=\"vi\">Vietnamese<\/option><option value=\"cy\">Welsh<\/option><option value=\"yi\">Yiddish<\/option><\/select><\/td>\n<td class=\"SL_td\" align=\"center\" width=\"3\"><\/td>\n<td class=\"SL_td\" align=\"left\" width=\"20%\"><select id=\"SL_lng_to\"><option value=\"af\">Afrikaans<\/option><option value=\"sq\">Albanian<\/option><option value=\"ar\">Arabic<\/option><option value=\"hy\">Armenian<\/option><option value=\"az\">Azerbaijani<\/option><option value=\"eu\">Basque<\/option><option value=\"bn\">Bengali<\/option><option value=\"be\">Belarusian<\/option><option value=\"bg\">Bulgarian<\/option><option value=\"ca\">Catalan<\/option><option value=\"zh-CN\">Chinese (Simp)<\/option><option value=\"zh-TW\">Chinese (Trad)<\/option><option value=\"hr\">Croatian<\/option><option value=\"cs\">Czech<\/option><option value=\"da\">Danish<\/option><option value=\"nl\">Dutch<\/option><option value=\"en\">English<\/option><option value=\"eo\">Esperanto<\/option><option value=\"et\">Estonian<\/option><option value=\"tl\">Filipino<\/option><option value=\"fi\">Finnish<\/option><option value=\"fr\">French<\/option><option value=\"gl\">Galician<\/option><option value=\"ka\">Georgian<\/option><option value=\"de\">German<\/option><option value=\"el\">Greek<\/option><option value=\"gu\">Gujarati<\/option><option value=\"ht\">Haitian Creole<\/option><option value=\"iw\">Hebrew<\/option><option value=\"hi\">Hindi<\/option><option value=\"hu\">Hungarian<\/option><option value=\"is\">Icelandic<\/option><option value=\"id\">Indonesian<\/option><option value=\"ga\">Irish<\/option><option value=\"it\">Italian<\/option><option value=\"ja\">Japanese<\/option><option value=\"kn\">Kannada<\/option><option value=\"ko\">Korean<\/option><option value=\"lo\">Lao<\/option><option value=\"la\">Latin<\/option><option value=\"lv\">Latvian<\/option><option value=\"lt\">Lithuanian<\/option><option value=\"mk\">Macedonian<\/option><option value=\"ms\">Malay<\/option><option value=\"mt\">Maltese<\/option><option value=\"no\">Norwegian<\/option><option value=\"fa\">Persian<\/option><option value=\"pl\">Polish<\/option><option value=\"pt\">Portuguese<\/option><option value=\"ro\">Romanian<\/option><option value=\"ru\">Russian<\/option><option value=\"sr\">Serbian<\/option><option value=\"sk\">Slovak<\/option><option value=\"sl\">Slovenian<\/option><option selected=\"selected\" value=\"es\">Spanish<\/option><option value=\"sw\">Swahili<\/option><option value=\"sv\">Swedish<\/option><option value=\"ta\">Tamil<\/option><option value=\"te\">Telugu<\/option><option value=\"th\">Thai<\/option><option value=\"tr\">Turkish<\/option><option value=\"uk\">Ukrainian<\/option><option value=\"ur\">Urdu<\/option><option value=\"vi\">Vietnamese<\/option><option value=\"cy\">Welsh<\/option><option value=\"yi\">Yiddish<\/option><\/select><\/td>\n<td class=\"SL_td\" align=\"center\" width=\"5%\"><\/td>\n<td class=\"SL_td\" align=\"center\" width=\"8%\"><\/td>\n<td class=\"SL_td\" align=\"center\" width=\"8%\"><\/td>\n<td class=\"SL_td\" align=\"center\" width=\"8%\"><\/td>\n<td class=\"SL_td\" align=\"center\" width=\"8%\"><\/td>\n<td class=\"SL_td\" width=\"18%\"><\/td>\n<td class=\"SL_td\" align=\"right\" width=\"8%\"><\/td>\n<\/tr>\n<\/tbody>\n<\/table>\n<\/div>\n<\/div>\n<div id=\"SL_shadow_translation_result\" style=\"background: url('chrome-extension:\/\/noaijdpnepcgjemiklgfkcfbkokogabh\/content\/img\/util\/bg.png') #ffffff;\"><\/div>\n<div id=\"SL_player2\"><\/div>\n<div id=\"SL_alert100\" style=\"background: url('chrome-extension:\/\/noaijdpnepcgjemiklgfkcfbkokogabh\/content\/img\/util\/bg2.png');\">Text-to-speech function is limited to 100 characters<\/div>\n<div id=\"SL_bbl_donate\" style=\"background: url('chrome-extension:\/\/noaijdpnepcgjemiklgfkcfbkokogabh\/content\/img\/util\/donate2.png');\" title=\"Make a small contribution\"><\/div>\n<div id=\"SL_Balloon_options\" style=\"background: url('chrome-extension:\/\/noaijdpnepcgjemiklgfkcfbkokogabh\/content\/img\/util\/bg3.png') #ffffff;\"><a class=\"SL_options\" title=\"Show options\" href=\"chrome-extension:\/\/noaijdpnepcgjemiklgfkcfbkokogabh\/content\/html\/options\/options-bbl.html\" target=\"_blank\">Options<\/a> : <a class=\"SL_options\" title=\"Translation history\" href=\"chrome-extension:\/\/noaijdpnepcgjemiklgfkcfbkokogabh\/content\/html\/options\/history.html\" target=\"_blank\">History<\/a> : <a class=\"SL_options\" title=\"ImTranslator Help\" href=\"http:\/\/about.imtranslator.net\/tutorials\/presentations\/imtranslator-for-chrome\/\" target=\"_blank\">Help<\/a> : <a class=\"SL_options\" title=\"Feedback\" href=\"chrome-extension:\/\/noaijdpnepcgjemiklgfkcfbkokogabh\/content\/html\/options\/feedback.html\" target=\"_blank\">Feedback<\/a><\/div>\n<\/div>\n<\/div>\n","protected":false},"excerpt":{"rendered":"<p>Scopo di questa sezione \u00e8 di dare visibilit\u00e0 all&#8217;attivit\u00e0 scientifica del Gruppo Italiano Porfiria e dei suoi singoli membri. &nbsp; Protocolli di Studio in Corso Lavori Pubblicati Recensioni Partecipazioni a Congressi Detect languageAfrikaansAlbanianArabicArmenianAzerbaijaniBasqueBengaliBelarusianBulgarianCatalanChinese (Simp)Chinese (Trad)CroatianCzechDanishDutchEnglishEsperantoEstonianFilipinoFinnishFrenchGalicianGeorgianGermanGreekGujaratiHaitian CreoleHebrewHindiHungarianIcelandicIndonesianIrishItalianJapaneseKannadaKoreanLaoLatinLatvianLithuanianMacedonianMalayMalteseNorwegianPersianPolishPortugueseRomanianRussianSerbianSlovakSlovenianSpanishSwahiliSwedishTamilTeluguThaiTurkishUkrainianUrduVietnameseWelshYiddish AfrikaansAlbanianArabicArmenianAzerbaijaniBasqueBengaliBelarusianBulgarianCatalanChinese (Simp)Chinese (Trad)CroatianCzechDanishDutchEnglishEsperantoEstonianFilipinoFinnishFrenchGalicianGeorgianGermanGreekGujaratiHaitian CreoleHebrewHindiHungarianIcelandicIndonesianIrishItalianJapaneseKannadaKoreanLaoLatinLatvianLithuanianMacedonianMalayMalteseNorwegianPersianPolishPortugueseRomanianRussianSerbianSlovakSlovenianSpanishSwahiliSwedishTamilTeluguThaiTurkishUkrainianUrduVietnameseWelshYiddish Text-to-speech function is limited to 100 characters Options : History : Help : Feedback<\/p>\n","protected":false},"author":1,"featured_media":0,"parent":0,"menu_order":6,"comment_status":"closed","ping_status":"closed","template":"","meta":{"footnotes":""},"class_list":["post-32","page","type-page","status-publish","hentry","post-seq-1","post-parity-odd","meta-position-corners","fix"],"_links":{"self":[{"href":"https:\/\/www.gruppoporfiria.it\/index.php?rest_route=\/wp\/v2\/pages\/32","targetHints":{"allow":["GET"]}}],"collection":[{"href":"https:\/\/www.gruppoporfiria.it\/index.php?rest_route=\/wp\/v2\/pages"}],"about":[{"href":"https:\/\/www.gruppoporfiria.it\/index.php?rest_route=\/wp\/v2\/types\/page"}],"author":[{"embeddable":true,"href":"https:\/\/www.gruppoporfiria.it\/index.php?rest_route=\/wp\/v2\/users\/1"}],"replies":[{"embeddable":true,"href":"https:\/\/www.gruppoporfiria.it\/index.php?rest_route=%2Fwp%2Fv2%2Fcomments&post=32"}],"version-history":[{"count":5,"href":"https:\/\/www.gruppoporfiria.it\/index.php?rest_route=\/wp\/v2\/pages\/32\/revisions"}],"predecessor-version":[{"id":182,"href":"https:\/\/www.gruppoporfiria.it\/index.php?rest_route=\/wp\/v2\/pages\/32\/revisions\/182"}],"wp:attachment":[{"href":"https:\/\/www.gruppoporfiria.it\/index.php?rest_route=%2Fwp%2Fv2%2Fmedia&parent=32"}],"curies":[{"name":"wp","href":"https:\/\/api.w.org\/{rel}","templated":true}]}}