{"id":458,"date":"2020-06-05T10:36:50","date_gmt":"2020-06-05T09:36:50","guid":{"rendered":"http:\/\/www.gruppoporfiria.it\/?page_id=458"},"modified":"2024-10-29T14:37:48","modified_gmt":"2024-10-29T13:37:48","slug":"news","status":"publish","type":"page","link":"https:\/\/www.gruppoporfiria.it\/","title":{"rendered":"News"},"content":{"rendered":"\n<h4><strong>Notizie in evidenza<\/strong><\/h4>\n<hr \/>\n<p><a href=\"#GRIP-ICPP2024\"><span style=\"text-decoration: underline;\">Il GrIP protagonista al congresso internazionale sulle porfirie di Pamplona<\/span><\/a><\/p>\n<p><a href=\"#GiornataMalato23nov24\"><span style=\"text-decoration: underline;\">Giornata nazionale del malato di porfiria, Milano 23 novembre 2024<\/span><\/a><\/p>\n<p><a href=\"#webinar11nov2023\"><span style=\"text-decoration: underline;\">Webinar dedicato al paziente affetto da porfiria, 11 novembre 2023 &#8211; a cura dell&#8217;associazione Vivi Porfiri<\/span>a<\/a><\/p>\n<p><span style=\"text-decoration: underline;\"><a href=\"#MilanoModenaPECC\">Due centri GrIP riconosciuti da EPNET come centri esperti per le porfirie<\/a><\/span><\/p>\n<p><a href=\"https:\/\/www.gruppoporfiria.it\/?page_id=87\" target=\"_blank\" rel=\"noopener\"><span style=\"text-decoration: underline;\">Altri studi pubblicati da membri GrIP<\/span><\/a><\/p>\n<p><span style=\"text-decoration: underline;\"><a href=\"https:\/\/www.gruppoporfiria.it\/?page_id=87\/#ClinMolEpiEPP\">Il GrIP pubblica il primo studio sulla clinica e l&#8217;epidemiologia della Protoporfiria Eritropoietica in Italia<\/a><\/span><\/p>\n<p><a href=\"#medicina33rai2\"><span style=\"text-decoration: underline;\">La rubrica Medicina 33 di RAI 2 ha dedicato uno spazio alle Porfirie Acute<\/span><\/a><\/p>\n<p><a href=\"https:\/\/www.gruppoporfiria.it\/?page_id=87\/#GivosiranPhase3NEJM\"><span style=\"text-decoration: underline;\">Lo studio di fase 3\u00a0 sul Givosiran pubblicato sulla prestigiosa rivista scientifica New England Journal of Medicine<\/span><\/a><\/p>\n<p><a href=\"#GivlaariModenaPadova\"><span style=\"text-decoration: underline;\">A Modena e Padova primo utilizzo del Givosiran al di fuori dello studio clinico<\/span><\/a><\/p>\n<p><a href=\"https:\/\/www.gruppoporfiria.it\/?page_id=433\"><span style=\"text-decoration: underline;\">Il GrIP ai tempi del Covid-19<\/span><\/a><\/p>\n<p><a href=\"#NuovoFarmacoPA\"><span style=\"text-decoration: underline;\">Givosiran: un nuovo farmaco per la terapia delle porfirie epatiche acute<\/span><\/a><\/p>\n<hr \/>\n<h5><a id=\"GRIP-ICPP2024\"><\/a>Il GrIP protagonista al congresso internazionale sulle porfirie di Pamplona<\/h5>\n<p>Grande partecipazione del Gruppo Italiano Porfiria al congresso internazionale sulle porfirie di Pamplona. Con sette presentazioni orali e dieci posters, di cui uno premiato come migliore, i ricercatori italiani sono stati protagonisti del <a href=\"https:\/\/icpp2024.com\/\" target=\"_blank\" rel=\"noopener\">ICPP2024<\/a>, a dimostrazione della vitalit\u00e0 del GrIP nel settore scientifico di riferimento.<\/p>\n<p><img loading=\"lazy\" decoding=\"async\" class=\"alignnone size-full wp-image-763\" src=\"https:\/\/www.gruppoporfiria.it\/wp-content\/uploads\/2024\/10\/grip_icpp2024.jpg\" alt=\"\" width=\"1600\" height=\"1200\" srcset=\"https:\/\/www.gruppoporfiria.it\/wp-content\/uploads\/2024\/10\/grip_icpp2024.jpg 1600w, https:\/\/www.gruppoporfiria.it\/wp-content\/uploads\/2024\/10\/grip_icpp2024-300x225.jpg 300w, https:\/\/www.gruppoporfiria.it\/wp-content\/uploads\/2024\/10\/grip_icpp2024-768x576.jpg 768w, https:\/\/www.gruppoporfiria.it\/wp-content\/uploads\/2024\/10\/grip_icpp2024-1536x1152.jpg 1536w\" sizes=\"auto, (max-width: 1600px) 100vw, 1600px\" \/><\/p>\n<p>Nella sezione <a href=\"https:\/\/www.gruppoporfiria.it\/?page_id=179\">Area Scientifica\/Partecipazione a Congressi<\/a> \u00e8 possibile visionare l\u2019elenco delle presentazioni e posters relativi a membri del GrIP (evidenziati in grassetto)<\/p>\n<hr \/>\n<h5><a id=\"GiornataMalato23nov24\"><\/a>Giornata nazionale del malato di porfiria, Milano 23 novembre 2024<\/h5>\n<p>L&#8217;associazione pazienti Vivi Porfiria organizza la giornata nazionale del paziente affetto da porfiria, con l&#8217;intento di mettere pazienti, medici, biologi e psicologi a confronto in modo interattivo. Durante la giornata verranno affrontati molti temi per discutere dei diversi aspetti delle porfirie, dalla diagnosi alla gestione clinica e psicologica, fino all&#8217;accesso ai servizi sanitari, permettendo cos\u00ec la condivisione delle migliori pratiche e l&#8217;aggiornamento sui pi\u00f9 recenti progressi nella cura di tali patologie.<\/p>\n<p>E&#8217; possibile scaricare la locandina con il programma dettagliato a questo link:<\/p>\n<p><a href=\"https:\/\/www.gruppoporfiria.it\/wp-content\/uploads\/2024\/10\/Vivi-Porfiria_Programma_2024_10_11.pdf\" target=\"_blank\" rel=\"noopener\">Giornata nazionale del malato di porfiria<\/a><\/p>\n<p><a href=\"https:\/\/www.gruppoporfiria.it\/wp-content\/uploads\/2024\/08\/Come-iscriversi_Viviporfiria_23.11.2024.pdf\" target=\"_blank\" rel=\"noopener\">Qui<\/a> invece trovate le istruzioni per l&#8217;iscrizione.<\/p>\n<hr \/>\n<h5><a id=\"webinar11nov2023\"><\/a>Webinar dedicato al paziente affetto da porfiria, 11 novembre 2023 &#8211; a cura dell&#8217;associazione Vivi Porfiria<\/h5>\n<p>L&#8217;associazione pazienti Vivi Porfiria ha organizzato un webinar per pazienti e medici, sabato 11 Novembre dalle 10:50, in diretta su Instagram. Sar\u00e0 un&#8217;occasione per conoscere meglio l&#8217;associazione e ascoltare gli interventi di medici esperti del settore. E&#8217; possibile scaricare la locandina con il programma dettagliato a questo link:<\/p>\n<p><a href=\"https:\/\/www.gruppoporfiria.it\/wp-content\/uploads\/2023\/10\/webinar-VVP-11Nov2023.pdf\" target=\"_blank\" rel=\"noopener\">Webinar Vivi Porfiria 11 novembre 2023<\/a><\/p>\n<hr \/>\n<h5><strong><a id=\"MilanoModenaPECC\"><\/a>Due centri GrIP riconosciuti da EPNET come centri esperti per le porfirie<\/strong><\/h5>\n<p>I centri GrIP di Milano e di Modena hanno ricevuto lo status di Centro Clinico Esperto per le Porfirie da <span style=\"text-decoration: underline;\"><a href=\"http:\/\/www.porphyria-europe.com\/\" target=\"_blank\" rel=\"noopener\">EPNET<\/a><\/span> (European Porphyria Network).<br \/>EPNET \u00e8 il principale network che unisce i centri di riferimento per la diagnosi e cura delle porfirie a livello europeo e non solo.<br \/>EPNET riconosce un centro come PECC (Porphyria Expert Clinical Center) solo dopo la verifica di una lunga serie di requisiti, posseduti da almeno tre anni, di cui i principali sono:<\/p>\n<ul>\n<li>fornire servizi altamente specializzati in diagnostica, consulenza, trattamento e follow-up per i pazienti affetti da porfiria;<\/li>\n<li>garantire continuit\u00e0 di servizio, tramite uno staff multidisciplinare e intercambiabile;<\/li>\n<li>coordinare attivamente la cura di almeno 40 pazienti affetti da porfiria acuta e cutanea;<\/li>\n<li>partecipare attivamente alle ricerche di settore e alla stesura di linea guida, nonch\u00e9 favorire la loro diffusione sul territorio.<\/li>\n<\/ul>\n<p>Lo status di PECC viene rivalutato ogni 5 anni.<\/p>\n<hr \/>\n<h5>\u00a0<\/h5>\n<h5><strong><a id=\"medicina33rai2\"><\/a>Le Porfirie in onda su RAI 2<\/strong><\/h5>\n<p>A Medicina 33, la rubrica dedicata alla medicina del TG2, andata in onda il 19 ottobre 2020, si \u00e8 parlato di Porfirie e in particolare di Porfirie Acute. E&#8217; possibile rivedere la trasmissione a questo link:<\/p>\n<p><a href=\"http:\/\/www.tg2.rai.it\/dl\/tg2\/rubriche\/PublishingBlock-9f02426b-75c0-4380-88bf-72df638339c3.html\" target=\"_blank\" rel=\"noopener noreferrer\">http:\/\/www.tg2.rai.it\/dl\/tg2\/rubriche\/PublishingBlock-9f02426b-75c0-4380-88bf-72df638339c3.html<\/a><\/p>\n<hr \/>\n<h5>\u00a0<\/h5>\n<h5><strong><a id=\"GivlaariModenaPadova\"><\/a>A Modena e Padova primo utilizzo del Givosiran al di fuori dello studio clinico<\/strong><\/h5>\n<p>I centri di Modena e Padova hanno ricevuto l&#8217;autorizzazione da parte di AIFA a somministrare il Givosiran (Givlaari\u00ae) ad alcuni pazienti affetti da una forma particolarmente grave di Porfiria Acuta Intermittente. Si tratta di un uso cosiddetto compassionevole, che eccezionalmente viene concesso a farmaci ancora in fase sperimentale.<\/p>\n<p>Il Centro Porfirie dell&#8217;Azienda Ospedaliero-Universitaria di Modena \u00e8 l&#8217;unico in Italia a partecipare alla sperimentazione di fase tre del farmaco, cominciata due anni fa e che finir\u00e0 entro il 2021. Ad oggi, sono stati trattati 6 pazienti con risultati assolutamente eccellenti in termini di efficacia e di tollerabilit\u00e0, giustificandone l&#8217;utilizzo nel caso in oggetto. Si tratta di un paziente di origini marocchine di soli 12 anni di et\u00e0, nato e residente in provincia, che gi\u00e0 da anni soffre di una forma particolarmente invalidante di malattia. Il paziente verr\u00e0 seguito da un&#8217;equipe multispecialistica, che comprende professionisti afferenti alla Medicina Interna (Dott. Paolo Ventura, responsabile del Centro Porfirie di Modena, Dr. Matteo Marcacci, Dr. Stefano Marchini) e Pediatria (dr.ssa Patrizia Bergonzini, Dr.ssa Elisa Caramaschi, Dr.ssa Elisabetta Spezia, prof. Lorenzo Iughetti) del Policlinico e di Neurologia (Prof. Stefano Meletti, dr. Marco Mazzoli) dell&#8217;Ospedale Civile.<\/p>\n<p>Il Centro per le altre malattie rare del metabolismo &#8211; Porfirie dell&#8217;Azienda Ospedale &#8211; Universit\u00e0 Padova ha iniziato a trattare con il Givosiran (Givlaari\u00ae) due pazienti, entrambe residenti nel Veneto, affette da una forma particolarmente invalidante di Porfiria Acuta Intermittente. Si tratta di una donna di 41 anni che ha manifestato una sintomatologia acuta all\u2019et\u00e0 di 38 anni e per la quale la diagnosi \u00e8 stata facilitata dal dato anamnestico di due zie paterne (sintomatiche) e il padre (asintomatico) che erano portatori della stessa alterazione genetica e di una donna di 49 anni, i cui sintomi sono comparsi all\u2019et\u00e0 di 41 anni, e la cui diagnosi \u00e8 stata posta dopo numerosi e travagliati ricoveri. Le pazienti verranno seguite da un&#8217;equipe multispecialistica, che comprende professionisti afferenti alla Clinica Medica I (Dott. Carlo Poci), alla Clinica Neurologica (Prof.ssa Chiara Briani) e alla Medicina Preventiva e Valutazione del Rischio \u2013 sezione Biochimica Porfire (Prof. Andrea Trevisan, Dr. ssa Annamaria Nicolli) dell&#8217;Azienda Ospedale &#8211; Universit\u00e0 Padova.<\/p>\n<hr \/>\n<h5>\u00a0<\/h5>\n<h5><strong><a id=\"NuovoFarmacoPA\"><\/a>Givosiran: un Nuovo farmaco per la terapia delle porfirie epatiche acute<\/strong><\/h5>\n<p>E&#8217; stato sviluppato un nuovo farmaco che promette grandi benefici nel trattamento delle porfirie epatiche acute e in particolare ai pazienti che soffrono di Porfiria Acuta Intermittente.<\/p>\n<p>L&#8217;autorizzazione al commercio \u00e8 stata rilasciata a fine 2019 dall&#8217;agenzia americana del farmaco (FDA) e a Gennaio 2020 da quella europea (EMA).<\/p>\n<p>E&#8217; possibile leggere gli annunci (in inglese) delle autorizzazioni, cliccando sui link seguenti:<\/p>\n<p><a href=\"http:\/\/www.gruppoporfiria.it\/wp-content\/uploads\/2020\/03\/Givlaari-FDA-approval.pdf\" target=\"_blank\" rel=\"noopener noreferrer\">Autorizzazione FDA<\/a><\/p>\n<p><a href=\"http:\/\/www.gruppoporfiria.it\/wp-content\/uploads\/2020\/03\/Givlaari-EMA-approval.pdf\" target=\"_blank\" rel=\"noopener noreferrer\">Autorizzazione EMA<\/a><\/p>\n<p>\u00a0<\/p>\n","protected":false},"excerpt":{"rendered":"<p>Notizie in evidenza Il GrIP protagonista al congresso internazionale sulle porfirie di Pamplona Giornata nazionale del malato di porfiria, Milano 23 novembre 2024 Webinar dedicato al paziente affetto da porfiria, 11 novembre 2023 &#8211; a cura dell&#8217;associazione Vivi Porfiria Due centri GrIP riconosciuti da EPNET come centri esperti per le porfirie Altri studi pubblicati da <a href='https:\/\/www.gruppoporfiria.it\/' class='excerpt-more'>[&#8230;]<\/a><\/p>\n","protected":false},"author":1,"featured_media":0,"parent":0,"menu_order":0,"comment_status":"closed","ping_status":"closed","template":"","meta":{"footnotes":""},"class_list":["post-458","page","type-page","status-publish","hentry","post-seq-1","post-parity-odd","meta-position-corners","fix"],"_links":{"self":[{"href":"https:\/\/www.gruppoporfiria.it\/index.php?rest_route=\/wp\/v2\/pages\/458","targetHints":{"allow":["GET"]}}],"collection":[{"href":"https:\/\/www.gruppoporfiria.it\/index.php?rest_route=\/wp\/v2\/pages"}],"about":[{"href":"https:\/\/www.gruppoporfiria.it\/index.php?rest_route=\/wp\/v2\/types\/page"}],"author":[{"embeddable":true,"href":"https:\/\/www.gruppoporfiria.it\/index.php?rest_route=\/wp\/v2\/users\/1"}],"replies":[{"embeddable":true,"href":"https:\/\/www.gruppoporfiria.it\/index.php?rest_route=%2Fwp%2Fv2%2Fcomments&post=458"}],"version-history":[{"count":54,"href":"https:\/\/www.gruppoporfiria.it\/index.php?rest_route=\/wp\/v2\/pages\/458\/revisions"}],"predecessor-version":[{"id":801,"href":"https:\/\/www.gruppoporfiria.it\/index.php?rest_route=\/wp\/v2\/pages\/458\/revisions\/801"}],"wp:attachment":[{"href":"https:\/\/www.gruppoporfiria.it\/index.php?rest_route=%2Fwp%2Fv2%2Fmedia&parent=458"}],"curies":[{"name":"wp","href":"https:\/\/api.w.org\/{rel}","templated":true}]}}

<h4><strong>Notizie in evidenza</strong></h4>
<hr />
<p><a href="#GRIP-ICPP2024"><span style="text-decoration: underline;">Il GrIP protagonista al congresso internazionale sulle porfirie di Pamplona</span></a></p>
<p><a href="#GiornataMalato23nov24"><span style="text-decoration: underline;">Giornata nazionale del malato di porfiria, Milano 23 novembre 2024</span></a></p>
<p><a href="#webinar11nov2023"><span style="text-decoration: underline;">Webinar dedicato al paziente affetto da porfiria, 11 novembre 2023 &#8211; a cura dell&#8217;associazione Vivi Porfiri</span>a</a></p>
<p><span style="text-decoration: underline;"><a href="#MilanoModenaPECC">Due centri GrIP riconosciuti da EPNET come centri esperti per le porfirie</a></span></p>
<p><a href="https://www.gruppoporfiria.it/?page_id=87" target="_blank" rel="noopener"><span style="text-decoration: underline;">Altri studi pubblicati da membri GrIP</span></a></p>
<p><span style="text-decoration: underline;"><a href="https://www.gruppoporfiria.it/?page_id=87/#ClinMolEpiEPP">Il GrIP pubblica il primo studio sulla clinica e l&#8217;epidemiologia della Protoporfiria Eritropoietica in Italia</a></span></p>
<p><a href="#medicina33rai2"><span style="text-decoration: underline;">La rubrica Medicina 33 di RAI 2 ha dedicato uno spazio alle Porfirie Acute</span></a></p>
<p><a href="https://www.gruppoporfiria.it/?page_id=87/#GivosiranPhase3NEJM"><span style="text-decoration: underline;">Lo studio di fase 3  sul Givosiran pubblicato sulla prestigiosa rivista scientifica New England Journal of Medicine</span></a></p>
<p><a href="#GivlaariModenaPadova"><span style="text-decoration: underline;">A Modena e Padova primo utilizzo del Givosiran al di fuori dello studio clinico</span></a></p>
<p><a href="https://www.gruppoporfiria.it/?page_id=433"><span style="text-decoration: underline;">Il GrIP ai tempi del Covid-19</span></a></p>
<p><a href="#NuovoFarmacoPA"><span style="text-decoration: underline;">Givosiran: un nuovo farmaco per la terapia delle porfirie epatiche acute</span></a></p>
<hr />
<h5><a id="GRIP-ICPP2024"></a>Il GrIP protagonista al congresso internazionale sulle porfirie di Pamplona</h5>
<p>Grande partecipazione del Gruppo Italiano Porfiria al congresso internazionale sulle porfirie di Pamplona. Con sette presentazioni orali e dieci posters, di cui uno premiato come migliore, i ricercatori italiani sono stati protagonisti del <a href="https://icpp2024.com/" target="_blank" rel="noopener">ICPP2024</a>, a dimostrazione della vitalità del GrIP nel settore scientifico di riferimento.</p>
<p><img loading="lazy" decoding="async" class="alignnone size-full wp-image-763" src="https://www.gruppoporfiria.it/wp-content/uploads/2024/10/grip_icpp2024.jpg" alt="" width="1600" height="1200" srcset="https://www.gruppoporfiria.it/wp-content/uploads/2024/10/grip_icpp2024.jpg 1600w, https://www.gruppoporfiria.it/wp-content/uploads/2024/10/grip_icpp2024-300x225.jpg 300w, https://www.gruppoporfiria.it/wp-content/uploads/2024/10/grip_icpp2024-768x576.jpg 768w, https://www.gruppoporfiria.it/wp-content/uploads/2024/10/grip_icpp2024-1536x1152.jpg 1536w" sizes="auto, (max-width: 1600px) 100vw, 1600px" /></p>
<p>Nella sezione <a href="https://www.gruppoporfiria.it/?page_id=179">Area Scientifica/Partecipazione a Congressi</a> è possibile visionare l’elenco delle presentazioni e posters relativi a membri del GrIP (evidenziati in grassetto)</p>
<hr />
<h5><a id="GiornataMalato23nov24"></a>Giornata nazionale del malato di porfiria, Milano 23 novembre 2024</h5>
<p>L&#8217;associazione pazienti Vivi Porfiria organizza la giornata nazionale del paziente affetto da porfiria, con l&#8217;intento di mettere pazienti, medici, biologi e psicologi a confronto in modo interattivo. Durante la giornata verranno affrontati molti temi per discutere dei diversi aspetti delle porfirie, dalla diagnosi alla gestione clinica e psicologica, fino all&#8217;accesso ai servizi sanitari, permettendo così la condivisione delle migliori pratiche e l&#8217;aggiornamento sui più recenti progressi nella cura di tali patologie.</p>
<p>E&#8217; possibile scaricare la locandina con il programma dettagliato a questo link:</p>
<p><a href="https://www.gruppoporfiria.it/wp-content/uploads/2024/10/Vivi-Porfiria_Programma_2024_10_11.pdf" target="_blank" rel="noopener">Giornata nazionale del malato di porfiria</a></p>
<p><a href="https://www.gruppoporfiria.it/wp-content/uploads/2024/08/Come-iscriversi_Viviporfiria_23.11.2024.pdf" target="_blank" rel="noopener">Qui</a> invece trovate le istruzioni per l&#8217;iscrizione.</p>
<hr />
<h5><a id="webinar11nov2023"></a>Webinar dedicato al paziente affetto da porfiria, 11 novembre 2023 &#8211; a cura dell&#8217;associazione Vivi Porfiria</h5>
<p>L&#8217;associazione pazienti Vivi Porfiria ha organizzato un webinar per pazienti e medici, sabato 11 Novembre dalle 10:50, in diretta su Instagram. Sarà un&#8217;occasione per conoscere meglio l&#8217;associazione e ascoltare gli interventi di medici esperti del settore. E&#8217; possibile scaricare la locandina con il programma dettagliato a questo link:</p>
<p><a href="https://www.gruppoporfiria.it/wp-content/uploads/2023/10/webinar-VVP-11Nov2023.pdf" target="_blank" rel="noopener">Webinar Vivi Porfiria 11 novembre 2023</a></p>
<hr />
<h5><strong><a id="MilanoModenaPECC"></a>Due centri GrIP riconosciuti da EPNET come centri esperti per le porfirie</strong></h5>
<p>I centri GrIP di Milano e di Modena hanno ricevuto lo status di Centro Clinico Esperto per le Porfirie da <span style="text-decoration: underline;"><a href="http://www.porphyria-europe.com/" target="_blank" rel="noopener">EPNET</a></span> (European Porphyria Network).<br />EPNET è il principale network che unisce i centri di riferimento per la diagnosi e cura delle porfirie a livello europeo e non solo.<br />EPNET riconosce un centro come PECC (Porphyria Expert Clinical Center) solo dopo la verifica di una lunga serie di requisiti, posseduti da almeno tre anni, di cui i principali sono:</p>
<ul>
<li>fornire servizi altamente specializzati in diagnostica, consulenza, trattamento e follow-up per i pazienti affetti da porfiria;</li>
<li>garantire continuità di servizio, tramite uno staff multidisciplinare e intercambiabile;</li>
<li>coordinare attivamente la cura di almeno 40 pazienti affetti da porfiria acuta e cutanea;</li>
<li>partecipare attivamente alle ricerche di settore e alla stesura di linea guida, nonché favorire la loro diffusione sul territorio.</li>
</ul>
<p>Lo status di PECC viene rivalutato ogni 5 anni.</p>
<hr />
<h5> </h5>
<h5><strong><a id="medicina33rai2"></a>Le Porfirie in onda su RAI 2</strong></h5>
<p>A Medicina 33, la rubrica dedicata alla medicina del TG2, andata in onda il 19 ottobre 2020, si è parlato di Porfirie e in particolare di Porfirie Acute. E&#8217; possibile rivedere la trasmissione a questo link:</p>
<p><a href="http://www.tg2.rai.it/dl/tg2/rubriche/PublishingBlock-9f02426b-75c0-4380-88bf-72df638339c3.html" target="_blank" rel="noopener noreferrer">http://www.tg2.rai.it/dl/tg2/rubriche/PublishingBlock-9f02426b-75c0-4380-88bf-72df638339c3.html</a></p>
<hr />
<h5> </h5>
<h5><strong><a id="GivlaariModenaPadova"></a>A Modena e Padova primo utilizzo del Givosiran al di fuori dello studio clinico</strong></h5>
<p>I centri di Modena e Padova hanno ricevuto l&#8217;autorizzazione da parte di AIFA a somministrare il Givosiran (Givlaari®) ad alcuni pazienti affetti da una forma particolarmente grave di Porfiria Acuta Intermittente. Si tratta di un uso cosiddetto compassionevole, che eccezionalmente viene concesso a farmaci ancora in fase sperimentale.</p>
<p>Il Centro Porfirie dell&#8217;Azienda Ospedaliero-Universitaria di Modena è l&#8217;unico in Italia a partecipare alla sperimentazione di fase tre del farmaco, cominciata due anni fa e che finirà entro il 2021. Ad oggi, sono stati trattati 6 pazienti con risultati assolutamente eccellenti in termini di efficacia e di tollerabilità, giustificandone l&#8217;utilizzo nel caso in oggetto. Si tratta di un paziente di origini marocchine di soli 12 anni di età, nato e residente in provincia, che già da anni soffre di una forma particolarmente invalidante di malattia. Il paziente verrà seguito da un&#8217;equipe multispecialistica, che comprende professionisti afferenti alla Medicina Interna (Dott. Paolo Ventura, responsabile del Centro Porfirie di Modena, Dr. Matteo Marcacci, Dr. Stefano Marchini) e Pediatria (dr.ssa Patrizia Bergonzini, Dr.ssa Elisa Caramaschi, Dr.ssa Elisabetta Spezia, prof. Lorenzo Iughetti) del Policlinico e di Neurologia (Prof. Stefano Meletti, dr. Marco Mazzoli) dell&#8217;Ospedale Civile.</p>
<p>Il Centro per le altre malattie rare del metabolismo &#8211; Porfirie dell&#8217;Azienda Ospedale &#8211; Università Padova ha iniziato a trattare con il Givosiran (Givlaari®) due pazienti, entrambe residenti nel Veneto, affette da una forma particolarmente invalidante di Porfiria Acuta Intermittente. Si tratta di una donna di 41 anni che ha manifestato una sintomatologia acuta all’età di 38 anni e per la quale la diagnosi è stata facilitata dal dato anamnestico di due zie paterne (sintomatiche) e il padre (asintomatico) che erano portatori della stessa alterazione genetica e di una donna di 49 anni, i cui sintomi sono comparsi all’età di 41 anni, e la cui diagnosi è stata posta dopo numerosi e travagliati ricoveri. Le pazienti verranno seguite da un&#8217;equipe multispecialistica, che comprende professionisti afferenti alla Clinica Medica I (Dott. Carlo Poci), alla Clinica Neurologica (Prof.ssa Chiara Briani) e alla Medicina Preventiva e Valutazione del Rischio – sezione Biochimica Porfire (Prof. Andrea Trevisan, Dr. ssa Annamaria Nicolli) dell&#8217;Azienda Ospedale &#8211; Università Padova.</p>
<hr />
<h5> </h5>
<h5><strong><a id="NuovoFarmacoPA"></a>Givosiran: un Nuovo farmaco per la terapia delle porfirie epatiche acute</strong></h5>
<p>E&#8217; stato sviluppato un nuovo farmaco che promette grandi benefici nel trattamento delle porfirie epatiche acute e in particolare ai pazienti che soffrono di Porfiria Acuta Intermittente.</p>
<p>L&#8217;autorizzazione al commercio è stata rilasciata a fine 2019 dall&#8217;agenzia americana del farmaco (FDA) e a Gennaio 2020 da quella europea (EMA).</p>
<p>E&#8217; possibile leggere gli annunci (in inglese) delle autorizzazioni, cliccando sui link seguenti:</p>
<p><a href="http://www.gruppoporfiria.it/wp-content/uploads/2020/03/Givlaari-FDA-approval.pdf" target="_blank" rel="noopener noreferrer">Autorizzazione FDA</a></p>
<p><a href="http://www.gruppoporfiria.it/wp-content/uploads/2020/03/Givlaari-EMA-approval.pdf" target="_blank" rel="noopener noreferrer">Autorizzazione EMA</a></p>
<p> </p>
